 t*n - 9*n. Calculate the greatest common divisor of n and 39.
39
Suppose 0 = -3*o + 17 + 43. Suppose 14*u - 22 = o. Suppose -u*r = 15, 0*p + 4*p - 18 = 2*r. Calculate the greatest common divisor of 11 and p.
1
Let b be 156*-3*21/(-84). Calculate the greatest common divisor of 78 and b.
39
Let z = 17 - 24. Let l(r) = -r**3 - 4*r**2 + 15*r - 11. Let d be l(z). Calculate the greatest common factor of d and 279.
31
Suppose -2*x = -4*w - x + 321, 2*w - 165 = 5*x. Let p = -319 + 367. What is the greatest common divisor of p and w?
16
Suppose 23*d - 7699 - 11364 = 20221. What is the highest common divisor of 28 and d?
28
Suppose 5*s + 19 = w, 35 = 118*w - 117*w + 3*s. What is the highest common divisor of w and 12934?
29
Let k(b) = -b - 8. Let s = -54 - -28. Let o = s + 12. Let q be k(o). What is the greatest common factor of 42 and q?
6
Let g = -179079 + 179104. Suppose 0 = -3*f - 0*f + 30. Calculate the greatest common factor of g and f.
5
Suppose 2*l + 3*y - 810 = 0, -5*l + 27*y = 23*y - 2025. Calculate the highest common divisor of 315 and l.
45
Let d(z) = 0 - 6 - z**2 - 7 - 5*z**2 - 4*z + z**3. Let l be d(7). Suppose l = -8*w + 112. What is the highest common divisor of 143 and w?
13
Suppose -2*l + 1579 = -6*h + 3*h, h + 524 = 3*l. Let y = h - -663. Calculate the highest common divisor of y and 8.
8
Let p(z) = -z + 16. Let y be p(11). Let f be 267/y + 9/15. Calculate the highest common divisor of f and 12.
6
Let a be (-1794)/(-15) + (-387)/45 + 8. Suppose -a*q + 3404 = -96*q. What is the highest common divisor of q and 111?
37
Let m = -44 - -41. Let j = m - 1. Let v be (-71)/j - 7/(-28). Calculate the highest common divisor of 9 and v.
9
Let w(s) = s**3 + 10*s**2 - 4*s - 4. Let i(t) = -16*t + 118. Let v be i(8). Let y be w(v). What is the highest common factor of 684 and y?
36
Suppose 2*u - 14 = -4*q, q + 0*u = -4*u. Suppose 0 = 3*t + q*n + 6 - 76, 35 = 2*t + 5*n. What is the highest common factor of 20 and t?
10
Let x be -7*(1650/350 + (-6)/1). Let b be 1 + -1 + (93 - -6). Calculate the greatest common factor of x and b.
9
Let g be (-3248)/(-696)*18/14 - (0 + -1141). What is the highest common divisor of g and 111?
37
Suppose -8*a = -10*a + 336. Let n = 2240 + -2192. Calculate the greatest common factor of n and a.
24
Suppose -53 = -l - 91. Let q = -40 - l. Let c be (-39)/26 - q/(-4)*-33. Calculate the highest common divisor of c and 35.
5
Suppose 67*b - 5473 - 10071 = 0. Calculate the greatest common divisor of 324 and b.
4
Let w be ((-57486)/44 + -5)*-10. What is the greatest common divisor of w and 430?
215
Let h(s) = -2*s + 8. Let c(d) = -d + 1. Let u(n) = 6*c(n) + h(n). Let t = 108 + -113. Let i be u(t). What is the greatest common factor of i and 18?
18
Suppose -30*r - 10404 = -47*r. What is the highest common divisor of r and 36?
36
Let x = 3296 + -1929. Suppose -17*a + 656 = -x. What is the greatest common divisor of 153 and a?
17
Suppose -4*i + 17 = -k, -5*k = -2*i - 3*i + 10. Suppose -j = 2*o - 84, k*j - 6*j + 252 = 4*o. What is the highest common factor of 210 and j?
42
Let x = 869 - 786. What is the greatest common factor of x and 2241?
83
Let y(i) = 3*i - 12. Let j be y(5). Suppose -3*q - 6 = -4*d + j*d, -52 = -2*d - 2*q. Let h = -11 + d. Calculate the greatest common divisor of h and 40.
10
Let m = 471 + -677. Let y = -189 - m. Calculate the highest common factor of y and 153.
17
Let o be 3*24 + (-1620)/135. What is the highest common divisor of o and 294?
6
Suppose 0 = -3*r + 4*a + 146, 327 = 5*r - 4*a + 73. What is the greatest common divisor of r and 13554?
54
Let g be 838/16 + 1011/(-2696). What is the greatest common divisor of g and 377?
13
Let w be ((-114)/57)/((-3)/42). What is the highest common factor of 2366 and w?
14
Let x = -36 - -40. Suppose x*l + 80 = -4*l. Let n = -7 - l. What is the highest common factor of n and 27?
3
Suppose -107*f - 11934 = -116*f. Calculate the highest common factor of 26 and f.
26
Suppose 3*k = -2*w + 135, -240 = -4*w + 4*k - 0*k. What is the highest common factor of w and 4473?
63
Suppose -34*w + 1594 = -1976. What is the greatest common divisor of w and 37695?
105
Let s be (-6)/3 + 32 + -15 - -8. Calculate the highest common factor of s and 13.
1
Let t = -110 - -111. Let i be (3 + -6)/(t/2*-2). Suppose 2*k = 13 - i, -7 = -3*w + k. What is the highest common divisor of 28 and w?
4
Suppose -121 + 28 = -5*o - 3*a, 0 = -3*o - a + 59. Calculate the highest common factor of o and 69.
3
Let b be 10/(4 - 2) + 2172/(240/20). Calculate the greatest common factor of b and 3472.
62
Suppose -85 = -21*l - 22. Suppose a - 209 = l*n, -5*a + 994 = -6*n + 8*n. Calculate the greatest common factor of 25 and a.
25
Let c be 2/6*-2*207/(-2). Let u = -65 + c. Suppose q + u*m - 58 = -q, 0 = 4*q - 4*m - 104. What is the greatest common factor of 216 and q?
27
Suppose 0 = -g - 4*q + 217, -5*g + 4*q = q - 1085. Let x = -202 + g. Calculate the highest common factor of 240 and x.
15
Let u = -7 - -9. Suppose v + 4*v = -2*x + u, 0 = -v - 5*x - 18. Suppose -j + 5 = -v. What is the highest common divisor of j and 56?
7
Suppose 127 = g + 114. Suppose -503*r - 2548 = -517*r. What is the highest common divisor of r and g?
13
Suppose 65*u - 72 = 38*u + 24*u. What is the highest common divisor of u and 31128?
24
Suppose h - 5*w = 148, -112 = h + 3*w - 228. Calculate the highest common divisor of h and 2416.
16
Suppose -4*x + 156 = -2*m, -m = x + 4*x + 43. Suppose 30 = -6*p, -2*w + 7*w - 405 = 4*p. Let f = w + m. What is the highest common factor of 27 and f?
9
Suppose 152 = 50*n - 348. Calculate the highest common factor of n and 1630.
10
Let l = -3442 + 10142. What is the highest common factor of l and 500?
100
Let b be 7 + (16 + -1)/5 - -36. What is the greatest common divisor of 20953 and b?
23
Let r(y) be the second derivative of y**4/4 + 23*y**3/6 - 19*y**2/2 + 71*y. Let i be r(-13). What is the highest common divisor of i and 54?
27
Let j = 6630 + -3360. Let w be j/70 - 9 - (-4)/14. Calculate the highest common divisor of w and 38.
38
Let u = 2320 + 3053. Calculate the highest common divisor of 108 and u.
27
Suppose 2*i - 2*t - 10 = 0, -i - 5*t = -7*t - 5. Let u(a) = 99*a + 45. Let q be u(i). What is the highest common factor of q and 60?
60
Let n = -1708 + 1709. Calculate the greatest common divisor of 49 and n.
1
Suppose -5*h + 731 = 741. Suppose -2*a + 5 = 19. Let o be ((-200)/(-35))/(h/a). Calculate the highest common factor of 8 and o.
4
Suppose 76*o - 31 = 45*o. Let c be (-371)/(-18)*2 - 26/117. Calculate the greatest common divisor of o and c.
1
Let o = -66 - -92. Suppose 68*z = 75*z + 14. Let c be 0 - 1/(z/572). What is the highest common factor of o and c?
26
Suppose -2272 - 22228 = 14*b - 259*b. What is the highest common divisor of 5740 and b?
20
Suppose -94*b - 108*b + 4753 = -6357. What is the greatest common divisor of 737 and b?
11
Let k be ((-35)/28 - (-3)/4)*-296. Suppose -1100 = -16*h + k. Calculate the greatest common divisor of h and 104.
26
Let f be 528/(-891)*3*-36. Let k(a) = -5*a**3. Let o be k(-2). What is the highest common divisor of f and o?
8
Let h(q) = q**3 - 16*q**2 + 3*q - 38. Let d be h(16). Let f = 31 - d. Calculate the greatest common divisor of f and 42.
21
Suppose 229*d + 236*d = 479*d - 2002. Calculate the highest common factor of 1133 and d.
11
Suppose 15 - 69 = 3*q. Let f be 4/q + ((-688)/36)/4. Let c(v) = -10*v - 26. Let o be c(f). Calculate the greatest common divisor of 6 and o.
6
Let h = -11406 - -12913. Calculate the highest common factor of h and 274.
137
Suppose 3*c = h + 110, -h + 15 = -c + 51. Let a(y) = -2*y**3 - 5*y**2 + 170*y. Let d be a(7). What is the highest common factor of c and d?
37
Let r be (93/(-15) + 5)*127200/(-53). Calculate the highest common divisor of r and 225.
45
Let s(f) = 9*f**2 - 24*f - 24. Let g be s(-10). What is the highest common divisor of 310 and g?
62
Suppose 9 = -6*j + 9*j. Suppose 0 = j*i - 3*q - 924, 0 = -q + 6*q + 10. Calculate the greatest common divisor of 34 and i.
34
Let l(g) = -2*g + 22. Let z be l(11). Suppose 2*q = z, -5*i + 49 + 46 = -4*q. Let r be (i/(-4))/((5 + -8)/12). Calculate the highest common factor of 95 and r.
19
Let f(s) = s**2 + 8*s + 10. Let c be f(-11). Suppose -2*y - 82 = -0*y. Let z = y + c. What is the greates